*2 + 10 + 0*x**2 - 5*x. Is f(l) composite?
False
Let v be 15/6*8/10. Let f(i) = 18*i**v - 2 + 3 + i - i. Is f(1) composite?
False
Suppose -h = 3*h - 16. Suppose -h*u = u. Suppose u = -2*x - 2*g + 16 + 72, 2*x = 3*g + 103. Is x composite?
False
Let c(d) = 3*d**2 - 10*d + 20. Is c(-11) composite?
True
Let y(l) = -27*l - 7. Is y(-12) prime?
True
Let o(b) = 39*b**2 - 7*b - 1. Is o(6) composite?
False
Let m(x) = 67*x**2 - x - 1. Is m(-1) a prime number?
True
Let a(w) = -872*w - 7. Is a(-1) a composite number?
True
Suppose -5*v + 59 = 5*w - 46, w - 5*v - 45 = 0. Suppose 373 - w = 6*u. Is u prime?
False
Let b = -4077 - -6791. Suppose -d + 0*d = 5*q - 3387, -4*q - 3*d = -b. Is q prime?
True
Suppose 3*a + 13 = 3*y + 2*y, 4*a = -4*y + 4. Suppose 0 = y*v - 106 - 404. Let j = v + -178. Is j a composite number?
True
Suppose 7*x - 2*x - 10 = 0. Suppose 3*f + x*z = -2*f + 138, -90 = -3*f - 3*z. Suppose 0 = 2*p + j - f, -5*p + 17 + 34 = -j. Is p composite?
False
Let j(s) = s**2 + 7*s + 7. Let r be j(-6). Let i = r - -3. Suppose 0 = i*n - n - 21. Is n a composite number?
False
Suppose -3*n - 11276 = 5*z + 390, -4*z - 3*n - 9334 = 0. Let a = z - -222. Is (-2 - 0)/(20/a) composite?
False
Let c(m) = -4*m + 4. Let o(u) = 5*u**2. Let k be o(1). Let z be c(k). Let t = 71 + z. Is t composite?
True
Let t(q) = 117*q**2 + 1. Let b(x) = -x**2 + 3*x + 1. Let c be b(3). Is t(c) a prime number?
False
Let b be ((-6)/(-15))/(5/175). Is (b/6 + -2)*261 a prime number?
False
Suppose 3*i - 3*t - 48 = 0, -3*i - 2*t + 30 = t. Let d(n) = n**3 - 9*n**2 - 17*n - 6. Is d(i) composite?
False
Is 3008/10 - (-6)/30 prime?
False
Let c be ((-2)/4)/(2/(-744)). Let i = 347 - c. Is i composite?
True
Suppose 5*j - 10 = 0, 5*j = -7*w + 2*w + 2465. Suppose 4*d + 5*m = w, 5*d - 106 = -4*m + 501. Is d prime?
False
Let u = 45 - -118. Is u a composite number?
False
Let o be 23 - (-1 - -1 - 2). Suppose -3*w - 2*w = -o. Suppose -15 = -5*h - 3*f + 57, -w*h - 4*f = -71. Is h a composite number?
True
Is -1 - -86 - 0/4 a composite number?
True
Let s(y) = 0*y + 3*y + 9*y - 2*y - 5. Is s(6) composite?
True
Let a(k) = 5*k**3 - k**2 - 2*k - 3. Let s(h) = -h**3 - h**2. Let c(m) = -a(m) - 6*s(m). Is c(-5) composite?
False
Suppose 3*r - 23 = 22. Let s = r + 44. Is s prime?
True
Let l be (6 - 3) + (-8)/1. Let o(f) = -f**3 - 2*f**2 + 4*f - 6. Is o(l) composite?
True
Let p(q) = 36*q + 1. Let f be -3 + ((-18)/(-3))/(-2). Let t(c) = 107*c + 3. Let s(b) = f*t(b) + 17*p(b). Is s(-3) a prime number?
True
Let b = 8 - 5. Suppose 5*q + 5*l = -15, 0 = -b*q + 7*q + 5*l + 11. Is (-2)/q*(112 + -2) a composite number?
True
Let w be 0*(-1 + 0/(-1)). Let o(b) = -b**3 - b**2 + 118. Is o(w) a prime number?
False
Let m = 878 + 11. Is m composite?
True
Let g = 3 + 1. Let p(h) = 2*h**2 - 2*h - 1. Is p(g) a composite number?
False
Suppose 220 = 4*q + 24. Is q prime?
False
Let g(t) = t + 2. Let f be g(-4). Let v = f + 3. Suppose j = -4*z + v, -4*j - z - 7 + 41 = 0. Is j prime?
False
Suppose 5*r - 4*n = -775, -4*n = -r - 33 - 106. Suppose -g + 2*l = -246, -3*g = 2*l - 3*l - 718. Let o = r + g. Is o a composite number?
False
Suppose 0*q + 2*q = 3*w + 262, 0 = 4*w. Is q composite?
False
Suppose 4*a + 23 = -2*z + 57, 2*z = -2*a + 20. Is 1*131 + -4 + a composite?
True
Suppose 20*b - 695 = 19*b. Is b prime?
False
Let p be 0 - (0 + 0 + -2). Let r = p - 1. Is r/5 + 54/5 a composite number?
False
Suppose -1239 = -0*s - 3*s. Is s prime?
False
Let a(d) = -4*d**2 + 10*d + 14. Let b be a(-7). Let h = b - -509. Is h composite?
False
Suppose -6*f + 3*h = -f - 12889, 4*f + 4*h = 10324. Is f a prime number?
True
Let z = 4031 - 2058. Is z composite?
False
Let u = 1883 - 567. Let n = -637 + u. Is n composite?
True
Suppose -5*r + 430 - 138 = 3*x, 4*r + 2*x = 234. Is r prime?
True
Suppose 3*l = 4 + 8, w - 3*l = -9. Suppose -f = 1, 0 = k + w*f - 0*f - 4. Is k a prime number?
True
Let d be (-4)/(2048/1020 - 2). Let b = d - -724. Is b prime?
False
Suppose 5*x = -b - 57 - 12, 2*b = 4*x - 180. Let j = -50 - b. Is j a composite number?
True
Suppose -d = 4*k - 170, -6*k + 465 = 3*d - 3*k. Suppose u + 39 - d = 0. Is u a composite number?
True
Let w be (-1)/1 - (2 + -53). Let k = -24 + w. Is k a prime number?
False
Let a be ((-120)/(-9) - -3)*3. Suppose 3*f + 35 = -5*b, b - f = 3*f - 7. Is 1729/a + 2/b a prime number?
False
Let x be 1101/2*(-4)/(-6). Let q = 3 - 1. Suppose q*z = -5*r + 585, 3*r = -z + 3*z + x. Is r composite?
True
Let r = -424 + 1739. Suppose -5*i + 0*i + r = 0. Is i a prime number?
True
Let n(y) = 4*y**2 + 24*y - 26. Is n(17) a composite number?
True
Let f(c) = c**3 + c**2 - 2*c. Let l be f(-2). Let k(t) = 161*t**2 - 1. Let x be k(-1). Suppose l = 3*g - 41 - x. Is g composite?
False
Suppose 4*n + 0*m + m - 22 = 0, 0 = 5*n - m - 23. Suppose n*r + v - 189 = 0, 4*r + 2*v = -v + 160. Is r a composite number?
False
Let g(l) = 2*l**3 - 4*l**2 + 4*l + 1. Is g(9) prime?
True
Let z(v) = -v**2 + 6*v + 2. Let y(q) = q**3 - 10*q**2 - 10*q - 8. Let s be y(11). Is z(s) a prime number?
True
Is (8 - 10)*4191/(-6) composite?
True
Is 1*(1 + -3) + 969 a composite number?
False
Suppose 5*p = 3*p - 12. Let i(u) = 15*u**2 + 5*u + 7. Is i(p) a composite number?
True
Suppose 0 = -2*s + 8 + 2. Suppose 0*k + 380 = s*k. Suppose h = 5*h - k. Is h a composite number?
False
Suppose 3*u - 3 = -k + 7*u, -u = 2*k - 15. Let n be (1 - -33) + (4 - k). Suppose -4*l + 347 = n. Is l a prime number?
True
Is -809*((-2)/(-6))/((-1)/3) a prime number?
True
Let g = -81 + 782. Is g a composite number?
False
Let d = 114 + -31. Is d composite?
False
Suppose 3*i - 1 - 6 = -2*r, 4*r - 5*i - 3 = 0. Let u(x) = 2*x + 0*x**r + 2*x**2 - 13*x**3 - 1 + 2. Is u(-1) prime?
False
Suppose -2*t - 14 + 4 = 0. Let d be -2*(t/2)/(-5). Is d - (3 + -50 + 0) a prime number?
False
Suppose 2*i + 5*o - 2090 = 0, 6*i - i - o - 5279 = 0. Is i a composite number?
True
Suppose 2*d = 4*d - 20. Suppose 0 = u - 0*u - 2*s - 5, 0 = 2*u - 5*s - d. Suppose 29 = 3*v - 5*i - 4, v - 21 = u*i. Is v prime?
False
Let h = -4 + 7. Suppose 2*u - 11 = -h*k + 4*u, 2*k + 5*u - 20 = 0. Let a(f) = 16*f + 5. Is a(k) a prime number?
False
Let h(n) = n**2 - 5*n + 2395. Is h(0) prime?
False
Suppose -2*f + 3566 = 4*n + 164, 3*n = -f + 1705. Is f a composite number?
False
Let f = 433 - -478. Is f prime?
True
Let r(y) = -y**3 + 15*y**2 + 4*y - 19. Is r(14) prime?
True
Suppose 5*o = -w + 477, -2*o + 2*w + 198 = -0*w. Let s = o + 23. Is s prime?
False
Suppose -4*q - 169 = -2*h + 209, 0 = 4*q - 20. Is h prime?
True
Suppose -2 - 4 = 3*l + 4*n, -n = 4*l - 5. Let t be (-993)/(-6) + 2/(-4). Suppose l*f = 5*f - t. Is f a composite number?
True
Let k(y) = -580*y + 7. Is k(-3) composite?
False
Suppose 173 = 2*i + 9. Is i prime?
False
Suppose -4*j + 432 = 28. Let p(z) = z**3 - 9*z**2 + 6*z + 8. Let n be p(6). Let d = n + j. Is d a composite number?
False
Suppose 0 = -5*o + 4*o - 6. Let f(x) = 57*x. Let b(m) = 56*m + 1. Let t(a) = -7*b(a) + 6*f(a). Is t(o) a composite number?
False
Suppose 5*x - 6 = -i - 2*i, -5*i - 2*x + 10 = 0. Suppose 3*f - i*k - 219 = 110, 3*f = -2*k + 325. Is f a prime number?
True
Suppose 0 = -3*p - 5*t + 15 + 3, -5*p = 5*t - 40. Is p a composite number?
False
Let h(r) be the first derivative of 4*r**3/3 - 5*r**2/2 - 13*r + 6. Is h(10) prime?
True
Is (0 - 1 - 2)*(-11714)/6 prime?
True
Let m(i) = 4*i**3 + i**2 + 2*i - 3. Suppose -14 = -g - 3*o - 6, 5*o = g + 8. Suppose p - g = -0*p. Is m(p) a prime number?
True
Is -11*(0 + (-3 - 20)) composite?
True
Let n = -620 + 887. Is n prime?
False
Let z(l) be the third derivative of -11*l**4/4 - l**3/6 - l**2. Let n be 18/(-22) + 6/(-33). Is z(n) a composite number?
True
Let o = 11 + -8. Suppose -3*c - 12 = b, 4 = 4*b - 4*c + o*c. Suppose 3*y + 3*z = 468, -2*y - z - 2*z + 307 = b. Is y a prime number?
False
Suppose -5*g + 1195 = h, 0*g - 970 = -4*g + 2*h. Suppose t - 2*t + 74 = -5*b, 3*b = -3*t + g. Is t a prime number?
True
Suppose 0 = 3*v + 1264 - 22975. Is v composite?
False
Let v = 8 - 11. Let b(f) = f**3 + 4*f**2 + f - 3. Let c be b(v). Suppose 0 = c*s + 9 - 102. Is s prime?
True
Is ((-794)/6)/((-16)/48) composite?
False
Suppose -r + o = -5*r - 2048, 0 = -5*r + o - 2560. Is r/(-6) + 2/(-6) a prime number?
False
Let z(b) = -34*b**3 - 3*b**2 - b + 1. Let s(w) = 171*w**3 + 16*w**2 + 6*w - 5. Le